the remainder when 348 is divided by 60.
48
What is the remainder when 355 is divided by 17?
15
What is the remainder when 475 is divided by 37?
31
Calculate the remainder when 331 is divided by 113.
105
What is the remainder when 573 is divided by 415?
158
What is the remainder when 4838 is divided by 110?
108
What is the remainder when 189 is divided by 16?
13
What is the remainder when 133 is divided by 49?
35
What is the remainder when 156 is divided by 18?
12
Calculate the remainder when 341 is divided by 45.
26
Calculate the remainder when 150 is divided by 140.
10
Calculate the remainder when 789 is divided by 196.
5
Calculate the remainder when 1234 is divided by 46.
38
What is the remainder when 178 is divided by 93?
85
What is the remainder when 974 is divided by 98?
92
Calculate the remainder when 370 is divided by 39.
19
What is the remainder when 305 is divided by 299?
6
Calculate the remainder when 224 is divided by 51.
20
Calculate the remainder when 2057 is divided by 675.
32
Calculate the remainder when 32 is divided by 6.
2
Calculate the remainder when 4168 is divided by 6.
4
What is the remainder when 191 is divided by 54?
29
What is the remainder when 981 is divided by 465?
51
Calculate the remainder when 632 is divided by 53.
49
Calculate the remainder when 6090 is divided by 243.
15
What is the remainder when 286 is divided by 44?
22
What is the remainder when 265 is divided by 68?
61
What is the remainder when 705 is divided by 192?
129
What is the remainder when 975 is divided by 140?
135
Calculate the remainder when 3762 is divided by 5.
2
Calculate the remainder when 80 is divided by 36.
8
Calculate the remainder when 561 is divided by 41.
28
What is the remainder when 1553 is divided by 14?
13
What is the remainder when 30 is divided by 19?
11
Calculate the remainder when 109 is divided by 69.
40
Calculate the remainder when 881 is divided by 95.
26
Calculate the remainder when 104 is divided by 23.
12
What is the remainder when 13285 is divided by 14?
13
What is the remainder when 35198 is divided by 16?
14
Calculate the remainder when 2835 is divided by 357.
336
Calculate the remainder when 18 is divided by 12.
6
What is the remainder when 41 is divided by 11?
8
What is the remainder when 1230 is divided by 303?
18
Calculate the remainder when 449 is divided by 60.
29
What is the remainder when 133 is divided by 36?
25
Calculate the remainder when 67 is divided by 55.
12
What is the remainder when 150 is divided by 23?
12
What is the remainder when 129 is divided by 9?
3
Calculate the remainder when 2609 is divided by 69.
56
What is the remainder when 4826 is divided by 268?
2
Calculate the remainder when 549 is divided by 29.
27
Calculate the remainder when 1072 is divided by 42.
22
Calculate the remainder when 748 is divided by 373.
2
Calculate the remainder when 231 is divided by 26.
23
Calculate the remainder when 231 is divided by 123.
108
Calculate the remainder when 234 is divided by 7.
3
What is the remainder when 202 is divided by 193?
9
Calculate the remainder when 27 is divided by 5.
2
Calculate the remainder when 156 is divided by 80.
76
Calculate the remainder when 1545 is divided by 383.
13
What is the remainder when 813 is divided by 184?
77
What is the remainder when 4470 is divided by 234?
24
What is the remainder when 115 is divided by 7?
3
Calculate the remainder when 6106 is divided by 191.
185
What is the remainder when 99 is divided by 15?
9
Calculate the remainder when 94 is divided by 13.
3
What is the remainder when 4392 is divided by 44?
36
What is the remainder when 343 is divided by 97?
52
What is the remainder when 123 is divided by 53?
17
What is the remainder when 34 is divided by 12?
10
Calculate the remainder when 2258 is divided by 113.
111
Calculate the remainder when 47 is divided by 44.
3
Calculate the remainder when 173 is divided by 55.
8
What is the remainder when 1382 is divided by 21?
17
What is the remainder when 567 is divided by 453?
114
What is the remainder when 3027 is divided by 233?
231
What is the remainder when 77 is divided by 67?
10
Calculate the remainder when 256 is divided by 66.
58
What is the remainder when 160 is divided by 28?
20
What is the remainder when 169 is divided by 29?
24
Calculate the remainder when 624 is divided by 121.
19
Calculate the remainder when 245 is divided by 98.
49
Calculate the remainder when 2301 is divided by 128.
125
What is the remainder when 189 is divided by 82?
25
Calculate the remainder when 959 is divided by 40.
39
What is the remainder when 9659 is divided by 92?
91
Calculate the remainder when 167 is divided by 79.
9
What is the remainder when 1257 is divided by 115?
107
Calculate the remainder when 133 is divided by 9.
7
What is the remainder when 3393 is divided by 340?
333
Calculate the remainder when 83 is divided by 27.
2
What is the remainder when 808 is divided by 269?
1
Calculate the remainder when 242 is divided by 3.
2
What is the remainder when 126 is divided by 60?
6
What is the remainder when 94 is divided by 51?
43
What is the remainder when 262 is divided by 95?
72
What is the remainder when 767 is divided by 27?
11
What is the remainder when 777 is divided by 20?
17
What is the remainder when 1117 is divided by 13?
12
Calculate the remainder when 152 is divided by 42.
26
What is the remainder when 54 is divided by 35?
19
Calculate the remainder when 71 is divided by 23.
2
What is the remainder when 303 is divided by 44?
39
What is the remainder when 24 is divided by 23?
1
What is the remainder when 207 is divided by 7?
4
Calculate the remainder when 144 is divided by 10.
4
What is the remainder when 85 is divided by 25?
10
What is the remainder when 266 is divided by 55?
46
Calculate the remainder when 11953 is divided by 122.
119
What is the remainder when 193 is divided by 112?
81
What is the remainder when 1007 is divided by 16?
15
What is the remainder when 148 is divided by 17?
12
What is the remainder when 388 is divided by 33?
25
What is the remainder when 228 is divided by 39?
33
What is the remainder when 11245 is divided by 16?
13
What is the remainder when 14 is divided by 5?
4
Calculate the remainder when 398 is divided by 16.
14
Calculate the remainder when 1675 is divided by 80.
75
Calculate the remainder when 2486 is divided by 64.
54
Calculate the remainder when 546 is divided by 57.
33
Calculate the remainder when 575 is divided by 32.
31
What is the remainder when 346 is divided by 105?
31
Calculate the remainder when 9613 is divided by 38.
37
What is the remainder when 15818 is divided by 20?
18
What is the remainder when 558 is divided by 10?
8
Calculate the remainder when 217 is divided by 10.
7
Calculate the remainder when 27 is divided by 9.
0
What is the remainder when 356 is divided by 30?
26
Calculate the remainder when 70 is divided by 34.
2
What is the remainder when 1251 is divided by 31?
11
Calculate the remainder when 426 is divided by 24.
18
Calculate the remainder when 484 is divided by 206.
72
Calculate the remainder when 153 is divided by 136.
17
What is the remainder when 1527 is divided by 10?
7
Calculate the remainder when 86 is divided by 9.
5
What is the remainder when 61 is divided by 9?
7
What is the remainder when 155 is divided by 26?
25
What is the remainder when 1289 is divided by 256?
9
Calculate the remainder when 40 is divided by 25.
15
What is the remainder when 557 is divided by 13?
11
Calculate the remainder when 635 is divided by 68.
23
What is the remainder when 1051 is divided by 12?
7
Calculate the remainder when 8360 is divided by 2090.
0
Calculate the remainder when 391 is divided by 64.
7
What is the remainder when 327 is divided by 104?
15
Calculate the remainder when 275 is divided by 70.
65
What is the remainder when 533 is divided by 105?
8
Calculate the remainder when 356 is divided by 199.
157
Calculate the remainder when 44 is divided by 2.
0
Calculate the remainder when 877 is divided by 43.
17
What is the remainder when 91 is divided by 37?
17
What is the remainder when 430 is divided by 24?
22
Calculate the remainder when 1594 is divided by 5.
4
What is the remainder when 149 is divided by 10?
9
What is the remainder when 255 is div